{"id":21,"date":"2013-01-11T22:19:13","date_gmt":"2013-01-11T21:19:13","guid":{"rendered":"http:\/\/tennis.eschenau.at\/?page_id=21"},"modified":"2019-05-25T08:29:33","modified_gmt":"2019-05-25T07:29:33","slug":"partner","status":"publish","type":"page","link":"http:\/\/tennis.eschenau.at\/?page_id=21","title":{"rendered":"Partner"},"content":{"rendered":"<div class=\"entry\">\n\n<p>Wir bedanken uns bei der Gemeinde Eschenau f\u00fcr die j\u00e4hrliche finanzielle Unterst\u00fctzung und bei folgenden Sponsoren:<\/p>\n<p>\u00a0<\/p>\n<p>\u00a0<\/p>\n<div align=\"left\">\u00a0<\/div>\n<div align=\"left\">\u00a0<\/div>\n<div align=\"right\">\u00a0<\/div>\n<p><a title=\"Fintech\" href=\"http:\/\/www.fintech.at\" target=\"_blank\" rel=\"noopener noreferrer\"><img decoding=\"async\" class=\"aligncenter\" title=\"Fintech\" src=\"http:\/\/tennis.eschenau.at\/wp-content\/uploads\/2015\/11\/logo_fintech.jpg\" alt=\"Fintech\" width=\"400\" \/><\/a><\/p>\n<p>\u00a0<\/p>\n<div align=\"left\"><a href=\"http:\/\/www.rbtg.at\/eBusiness\/01_template1\/569402769664603652-NA-NA-NA-30-NA.html\" target=\"_blank\" rel=\"noopener noreferrer\"><img decoding=\"async\" class=\"aligncenter\" src=\".\/wp-content\/uploads\/Images\/raika.gif\" alt=\"Raiffeisen\" width=\"400\" \/><\/a><\/div>\n<div align=\"left\">\u00a0<\/div>\n<div align=\"right\">\u00a0<\/div>\n<p><a href=\"http:\/\/www.janisch-1a.at\/\" target=\"_blank\" rel=\"noopener noreferrer\"><img decoding=\"async\" class=\"aligncenter\" src=\".\/wp-content\/uploads\/Images\/janisch.jpg\" alt=\"Janisch\" width=\"400\" \/><\/a><\/p>\n<p>\u00a0<\/p>\n<p><a href=\"http:\/\/www.g-team.at\/index.php?option=com_content&amp;view=article&amp;id=49&amp;Itemid=54\" target=\"_blank\" rel=\"noopener noreferrer\"><img decoding=\"async\" class=\"aligncenter\" title=\"G-Team\" src=\"http:\/\/tennis.eschenau.at\/wp-content\/uploads\/2015\/11\/G-Team.jpg\" alt=\"G-Team\" width=\"400\" \/><\/a><\/p>\n<div align=\"center\"><a href=\"https:\/\/www.sparkasse.at\/noe\/privatkunden\" target=\"_blank\" rel=\"noopener noreferrer\"><img decoding=\"async\" src=\".\/wp-content\/uploads\/Images\/sparkassenlogo_blau.JPG\" alt=\"\" width=\"400\" \/><\/a><\/div>\n<div align=\"right\">\u00a0<\/div>\n<p><a href=\"http:\/\/www.antontraunfellner.at\/\" target=\"_blank\" rel=\"noopener noreferrer\"><img decoding=\"async\" class=\"aligncenter\" src=\".\/wp-content\/uploads\/Images\/traunfellner.jpg\" alt=\"Traunfellner\" width=\"400\" \/><\/a><\/p>\n<p>\u00a0<\/p>\n<div style=\"text-align: center;\" align=\"left\"><a href=\"http:\/\/www.eschenau.at\/\" target=\"_blank\" rel=\"noopener noreferrer\"><img decoding=\"async\" class=\"aligncenter\" title=\"Gemeinde Eschenau\" src=\".\/wp-content\/uploads\/Images\/eschenau.png\" alt=\"Gemeinde Eschenau\" width=\"400\" \/><\/a>\u00a0\u00a0\u00a0\u00a0<br \/>Gemeinde Eschenau<\/div>\n\n\n\n<\/div>","protected":false},"excerpt":{"rendered":"<p>Wir bedanken uns bei der Gemeinde Eschenau f\u00fcr die j\u00e4hrliche finanzielle Unterst\u00fctzung und bei folgenden Sponsoren: \u00a0 \u00a0 \u00a0 \u00a0 \u00a0 \u00a0 \u00a0 \u00a0 \u00a0 \u00a0 \u00a0 \u00a0\u00a0\u00a0\u00a0Gemeinde Eschenau<\/p>\n","protected":false},"author":1,"featured_media":0,"parent":0,"menu_order":0,"comment_status":"closed","ping_status":"closed","template":"","meta":{"footnotes":""},"_links":{"self":[{"href":"http:\/\/tennis.eschenau.at\/index.php?rest_route=\/wp\/v2\/pages\/21"}],"collection":[{"href":"http:\/\/tennis.eschenau.at\/index.php?rest_route=\/wp\/v2\/pages"}],"about":[{"href":"http:\/\/tennis.eschenau.at\/index.php?rest_route=\/wp\/v2\/types\/page"}],"author":[{"embeddable":true,"href":"http:\/\/tennis.eschenau.at\/index.php?rest_route=\/wp\/v2\/users\/1"}],"replies":[{"embeddable":true,"href":"http:\/\/tennis.eschenau.at\/index.php?rest_route=%2Fwp%2Fv2%2Fcomments&post=21"}],"version-history":[{"count":73,"href":"http:\/\/tennis.eschenau.at\/index.php?rest_route=\/wp\/v2\/pages\/21\/revisions"}],"predecessor-version":[{"id":2550,"href":"http:\/\/tennis.eschenau.at\/index.php?rest_route=\/wp\/v2\/pages\/21\/revisions\/2550"}],"wp:attachment":[{"href":"http:\/\/tennis.eschenau.at\/index.php?rest_route=%2Fwp%2Fv2%2Fmedia&parent=21"}],"curies":[{"name":"wp","href":"https:\/\/api.w.org\/{rel}","templated":true}]}}