{"id":558,"date":"2013-03-09T20:57:38","date_gmt":"2013-03-09T19:57:38","guid":{"rendered":"http:\/\/tennis.eschenau.at\/?page_id=558"},"modified":"2022-02-20T12:36:28","modified_gmt":"2022-02-20T11:36:28","slug":"forderungsregeln-des-utc-eschenau","status":"publish","type":"page","link":"http:\/\/tennis.eschenau.at\/?page_id=558","title":{"rendered":"Forderungsbestimmungen"},"content":{"rendered":"<div class=\"entry\">\n<h3 style=\"text-align: left;\" align=\"center\"><span style=\"font-family: verdana, geneva;\">Forderungsregeln des UTC Eschenau<\/span><\/h3>\n<h4 style=\"text-align: left;\"><span style=\"font-family: verdana, geneva;\">1. Zweck und Grunds\u00e4tze<\/span><\/h4>\n<p style=\"text-align: left;\"><span style=\"font-family: verdana, geneva; font-size: 10px;\">a)\u00a0 Die Rangliste obliegt der Aufgabe, die aktuelle Spielst\u00e4rke der Mannschaftsspieler wiederzugeben<\/span><\/p>\n<p style=\"text-align: left;\"><span style=\"font-family: verdana, geneva; font-size: 10px;\">b)\u00a0\u00a0 Jedes ordentliche Vereinsmitglied kann in der Rangliste gef\u00fchrt werden.<\/span><\/p>\n<p style=\"text-align: left;\"><span style=\"font-family: verdana, geneva; font-size: 10px;\">c)\u00a0 Im Forderungszeitraum hat jeder Ranglistenspieler generell zur Durchf\u00fchrung von Ranglistenspielen zur Verf\u00fcgung zu stehen<\/span><\/p>\n<h3 style=\"text-align: left;\" align=\"center\"><\/h3>\n<h3 style=\"text-align: left;\" align=\"center\"><span style=\"font-family: verdana, geneva;\">2.<\/span><span style=\"font-family: verdana, geneva;\"> Forderungszeitra<\/span><span style=\"font-family: verdana, geneva;\">um<\/span><\/h3>\n<p style=\"text-align: left;\"><span style=\"font-family: verdana, geneva; font-size: 12px;\">a)\u00a0 1.April bis 30.September<\/span><\/p>\n<p style=\"text-align: left;\"><span style=\"font-family: verdana, geneva; font-size: 12px;\">b)\u00a0 Neueinforderungen sind an jeder Position der Tabelle m\u00f6glich.<\/span><\/p>\n<p><span style=\"font-family: verdana, geneva; font-size: 12px;\">c)\u00a0 Ausgenommene Spielzeiten: Meisterschaft, Herren- &amp; Damentraining, Kindertennis, Ferienspiel<\/span><\/p>\n<h3 style=\"text-align: left;\" align=\"center\"><\/h3>\n<h3 style=\"text-align: left;\" align=\"center\"><span style=\"font-family: verdana, geneva;\">3. \u00a0Zust\u00e4ndigkeit<\/span><\/h3>\n<p style=\"text-align: left;\"><span style=\"font-family: verdana, geneva; font-size: 12px;\">a)\u00a0 Der Herausforderer ist zust\u00e4ndig f\u00fcr den kompletten Eintrag der Forderung in das Forderungsblatt und die Terminabsprache mit dem Geforderten<\/span><\/p>\n<p style=\"text-align: left;\"><span style=\"font-family: verdana, geneva; font-size: 12px;\">(Die gilt auch bei Wetterbedingter Terminverlegung oder Spielabbruch)<\/span><\/p>\n<p style=\"text-align: left;\"><span style=\"font-family: verdana, geneva; font-size: 12px;\">b)\u00a0 Erfolgt eine Terminverlegung, so ist der Spieler, der die Verlegung verlangt, f\u00fcr die Terminvereinbarung und Eintragung zust\u00e4ndig<\/span><\/p>\n<p style=\"text-align: left;\"><span style=\"font-family: verdana, geneva; font-size: 12px;\">c)\u00a0\u00a0 F\u00fcr die Einhaltung der Richtlinien und F\u00fchrung der Rangliste ist in letzter Instanz, die sportliche Leitung zust\u00e4ndig.<\/span><\/p>\n<p style=\"text-align: left;\"><span style=\"font-family: verdana, geneva; font-size: 12px;\">(Diese entscheidet auch, falls keine einvernehmliche Einigung gefunden werden kann)<\/span><\/p>\n<h3 style=\"text-align: left;\" align=\"center\"><\/h3>\n<h3 style=\"text-align: left;\" align=\"center\"><span style=\"font-family: verdana, geneva;\">4. Forderungsmodus<\/span><\/h3>\n<p style=\"text-align: left;\"><span style=\"font-family: verdana, geneva; font-size: 12px;\">Die Rangliste ist als Pyramide aufgebaut<\/span><\/p>\n<p style=\"text-align: center;\" align=\"center\"><span style=\"font-family: verdana, geneva; font-size: 12px;\">1\u00a0 \u00a0 2<\/span><\/p>\n<p style=\"text-align: center;\" align=\"center\"><span style=\"font-family: verdana, geneva; font-size: 12px;\">3\u00a0 \u00a0 4\u00a0 \u00a0 5<\/span><\/p>\n<p style=\"text-align: center;\" align=\"center\"><span style=\"font-family: verdana, geneva; font-size: 12px;\">6\u00a0 \u00a0 7\u00a0 \u00a0 8\u00a0 \u00a0 9<\/span><\/p>\n<p style=\"text-align: center;\" align=\"center\"><span style=\"font-family: verdana, geneva; font-size: 12px;\">10\u00a0 \u00a0 11\u00a0 \u00a0 12\u00a0 \u00a0 13\u00a0 \u00a0 14<\/span><\/p>\n<h3 style=\"text-align: left;\" align=\"center\"><\/h3>\n<h3 style=\"text-align: left;\" align=\"center\"><span style=\"font-family: verdana, geneva;\">5. Forderungsregeln<\/span><\/h3>\n<p style=\"text-align: left;\"><span style=\"font-family: verdana, geneva; font-size: 12px;\">Es d\u00fcrfen die Spieler auf folgenden Positionen gefordert werden<\/span><\/p>\n<p style=\"text-align: left;\"><span style=\"font-family: verdana, geneva; font-size: 12px;\">a)\u00a0 Alle Spieler bis zum Platz in der dar\u00fcber liegenden Reihe <strong>rechts<\/strong> der eigenen Position, und links in der eigenen Reihe<\/span><\/p>\n<p style=\"text-align: left;\"><span style=\"font-family: verdana, geneva; font-size: 12px;\">b)\u00a0 Verliert der Geforderte, r\u00fcckt er einen Rang zur\u00fcck, der Herausforderer nimmt den Rang des Geforderten ein<\/span><\/p>\n<p style=\"text-align: left;\"><span style=\"font-family: verdana, geneva; font-size: 12px;\">c)\u00a0\u00a0 Verliert der Herausforderer, so bleibt er an seinem urspr\u00fcnglichen Rang (Au\u00dfer bei Erstforderungen)<\/span><\/p>\n<p style=\"text-align: left;\"><span style=\"font-family: verdana, geneva; font-size: 12px;\">d)\u00a0 Der Gewinner der Forderung hat als erster das Recht weitere Forderungen in das Forderungsblatt einzutragen (am gleichen Tag), der Verlierer der Forderung darf erst nach einer Frist von 14 Tagen eine R\u00fcckforderung eintragen (sofern der Gewinner keine Forderung eingetragen hat)<\/span><\/p>\n<p style=\"text-align: left;\"><span style=\"font-family: verdana, geneva; font-size: 12px;\">e)\u00a0 Gespielt wird auf 2 Gewinns\u00e4tze ( bei 6:6 Tiebreak bis 7 Punkte)<\/span><\/p>\n<p style=\"text-align: left;\"><span style=\"font-family: verdana, geneva; font-size: 12px;\">f)\u00a0\u00a0\u00a0 Der Herausforderer muss mindestens 3 geeignete, auf Verlangen auch neue B\u00e4lle stellen<\/span><\/p>\n<p><span style=\"font-family: verdana, geneva; font-size: 12px;\">g)\u00a0 Wenn der geforderte Spieler, innerhalb der 14 t\u00e4gigen Frist, &gt;=5 Tage abwesend ist (zB. Urlaub, Beruflich,..) kann er die Forderung ablehnen, bis zum Zeitpunkt der R\u00fcckkehr.<\/span><\/p>\n<h3 style=\"text-align: left;\" align=\"center\"><\/h3>\n<h3 style=\"text-align: left;\" align=\"center\"><span style=\"font-family: verdana, geneva;\">6. Neueinforderung<\/span><\/h3>\n<p style=\"text-align: left;\"><span style=\"font-family: verdana, geneva; font-size: 12px;\">a)\u00a0 Sich neu in die Rangliste einzufordernde Spieler d\u00fcrfen sich \u00fcberall in der Rangliste einfordern<\/span><\/p>\n<p style=\"text-align: left;\"><span style=\"font-family: verdana, geneva; font-size: 12px;\">b)\u00a0 Gewinnt der Forderer, so nimmt er den Rang des Geforderten ein. Verliert der Forderer, wird er ans Ende der Rangliste gesetzt<\/span><\/p>\n<h3 style=\"text-align: left;\" align=\"center\"><\/h3>\n<h3 style=\"text-align: left;\" align=\"center\"><span style=\"font-family: verdana, geneva;\">7. Eintragungen der Forderungsspiele<\/span><\/h3>\n<p style=\"text-align: left;\"><span style=\"font-family: verdana, geneva; font-size: 12px;\">a)\u00a0 Jeder Forderung ist in die Forderungsliste einzutragen und im UTC Spielerportal (Whatsapp) bekannt gegeben werden.<\/span><\/p>\n<p style=\"text-align: left;\"><span style=\"font-family: verdana, geneva; font-size: 12px;\">b)\u00a0 Eintragungen in der Forderungsliste m\u00fcssen beim Eintrag folgende Daten enthalten \u2013 Eintragungsdatum, Herausforderer, Geforderter, Spieltermin, Platzreservierung<\/span><\/p>\n<p style=\"text-align: left;\"><span style=\"font-family: verdana, geneva; font-size: 12px;\">c)\u00a0\u00a0 Unvollst\u00e4ndige Eintr\u00e4ge werden von der Sportlichen Leitung nach dem Eintragungsdatum aus der Liste genommen.<\/span><\/p>\n<p style=\"text-align: left;\"><span style=\"font-family: verdana, geneva; font-size: 12px;\">d)\u00a0 Das Forderungsspiel ist sp\u00e4testens <strong>14 Tage<\/strong> nach dem Eintrag in der Forderungsliste und UTC Spielerportal (Whatsapp) durchzuf\u00fchren<\/span><\/p>\n<p style=\"text-align: left;\"><span style=\"font-family: verdana, geneva; font-size: 12px;\">e)\u00a0 Verstriche Forderungsspiele ohne Spielverlegungsgrund k\u00f6nnen nach dem eingetragenen Spieltermin von der sportlichen Leitung aus der Liste genommen werden.<\/span><\/p>\n<p style=\"text-align: left;\"><span style=\"font-family: verdana, geneva; font-size: 12px;\">f)\u00a0\u00a0\u00a0 Die eingetragenen Spieler k\u00f6nnen w\u00e4hrend dieser Zeit weder weitere Spieler fordern noch gefordert werden<\/span><\/p>\n<p style=\"text-align: left;\"><span style=\"font-family: verdana, geneva; font-size: 12px;\">g)\u00a0 Das Spielergebnis ist sofort nach Spielende in das Forderungsblatt einzutragen<\/span><\/p>\n<h3 style=\"text-align: left;\" align=\"center\"><\/h3>\n<h3 style=\"text-align: left;\" align=\"center\"><span style=\"font-family: verdana, geneva;\">8. Spielverlegung<\/span><\/h3>\n<p style=\"text-align: left;\"><span style=\"font-family: verdana, geneva; font-size: 12px;\">a)\u00a0 Jeder Spielverlegung ist sp\u00e4testens 24 Stunden nach dem urspr\u00fcnglichen Spieltermin in der Forderungsliste einzutragen<\/span><\/p>\n<p style=\"text-align: left;\"><span style=\"font-family: verdana, geneva; font-size: 12px;\">b)\u00a0 Forderer und Geforderter k\u00f6nnen ein angesetztes Spiel je einmal verlegen, innerhalb der 14 t\u00e4gigen Frist.<\/span><\/p>\n<p style=\"text-align: left;\"><span style=\"font-family: verdana, geneva; font-size: 12px;\">c)\u00a0\u00a0 Jener Spieler der eine zweimalige Spielverlegung verursacht, gilt als Nichtantritt (=Verloren)<\/span><\/p>\n<p style=\"text-align: left;\"><span style=\"font-family: verdana, geneva; font-size: 12px;\">d)\u00a0 Das Verlangen nach einer Spielverlegung muss rechtzeitig, sp\u00e4testens 24 Stunden vor dem vereinbarten Spieltermin beim Gegner gestellt werden.<\/span><\/p>\n<p style=\"text-align: left;\"><span style=\"font-family: verdana, geneva; font-size: 12px;\">e)\u00a0 Ein neuer Spieltermin ist binnen 24 Stunden innerhalb der 14 t\u00e4gigen Frist anzusetzen.<\/span><\/p>\n<h3 style=\"text-align: left;\" align=\"center\"><\/h3>\n<h3 style=\"text-align: left;\" align=\"center\"><span style=\"font-family: verdana, geneva;\">9. Spielabbruch<\/span><\/h3>\n<p style=\"text-align: left;\"><span style=\"font-family: verdana, geneva; font-size: 12px;\">a)\u00a0 Wird ein Ranglistenspiel wegen Unbespielbarkeit der Pl\u00e4tze oder h\u00f6herer Gewalt abgebrochen und wieder aufgenommen, so wird bei gleichem Satz-, Spiel und Punktestand fortgesetzt.<\/span><\/p>\n<\/div>\n","protected":false},"excerpt":{"rendered":"<p>Forderungsregeln des UTC Eschenau 1. Zweck und Grunds\u00e4tze a)\u00a0 Die Rangliste obliegt der Aufgabe, die aktuelle Spielst\u00e4rke der Mannschaftsspieler wiederzugeben b)\u00a0\u00a0 Jedes ordentliche Vereinsmitglied kann in der Rangliste gef\u00fchrt werden. c)\u00a0 Im Forderungszeitraum hat jeder Ranglistenspieler generell zur Durchf\u00fchrung von Ranglistenspielen zur Verf\u00fcgung zu stehen 2. Forderungszeitraum a)\u00a0 1.April bis 30.September b)\u00a0 Neueinforderungen sind an &#8230;<\/p>\n","protected":false},"author":1,"featured_media":0,"parent":0,"menu_order":0,"comment_status":"closed","ping_status":"open","template":"","meta":{"footnotes":""},"_links":{"self":[{"href":"http:\/\/tennis.eschenau.at\/index.php?rest_route=\/wp\/v2\/pages\/558"}],"collection":[{"href":"http:\/\/tennis.eschenau.at\/index.php?rest_route=\/wp\/v2\/pages"}],"about":[{"href":"http:\/\/tennis.eschenau.at\/index.php?rest_route=\/wp\/v2\/types\/page"}],"author":[{"embeddable":true,"href":"http:\/\/tennis.eschenau.at\/index.php?rest_route=\/wp\/v2\/users\/1"}],"replies":[{"embeddable":true,"href":"http:\/\/tennis.eschenau.at\/index.php?rest_route=%2Fwp%2Fv2%2Fcomments&post=558"}],"version-history":[{"count":23,"href":"http:\/\/tennis.eschenau.at\/index.php?rest_route=\/wp\/v2\/pages\/558\/revisions"}],"predecessor-version":[{"id":2864,"href":"http:\/\/tennis.eschenau.at\/index.php?rest_route=\/wp\/v2\/pages\/558\/revisions\/2864"}],"wp:attachment":[{"href":"http:\/\/tennis.eschenau.at\/index.php?rest_route=%2Fwp%2Fv2%2Fmedia&parent=558"}],"curies":[{"name":"wp","href":"https:\/\/api.w.org\/{rel}","templated":true}]}}